what is 1682a7 - -8?
1682af
In base 11, what is -1 + -107035aa5?
-107035aa6
In base 4, what is 13023322 - 31230?
12332032
In base 2, what is 11000001111110001001 - -1010110011?
11000010001000111100
In base 10, what is 5 - -2105138?
2105143
In base 6, what is 303442 + -101?
303341
In base 11, what is -7749928 - -2?
-7749926
In base 7, what is 5301425 + 5?
5301433
In base 15, what is 0 + 16824967?
16824967
In base 7, what is -104422 - -4451?
-66641
In base 12, what is 77 + 3b76?
4031
In base 3, what is -12 + -200012112100021211?
-200012112100022000
In base 13, what is 9a4a - -6b?
9ab8
In base 3, what is -211220 + 100011012210?
100010100220
In base 9, what is -78834774 + -4?
-78834778
In base 7, what is -14306261 - -25?
-14306233
In base 15, what is 6b6 + 13d2?
1a98
In base 16, what is 885730 + -4?
88572c
In base 7, what is -110465 - 436?
-111234
In base 13, what is 1 + b81501?
b81502
In base 2, what is -11000001000100110010110 + 100?
-11000001000100110010010
In base 10, what is 5 + 29506473?
29506478
In base 2, what is 11011000000110101011 + 11100?
11011000000111000111
In base 12, what is 17 + -3a678?
-3a661
In base 7, what is -164136540 + -54?
-164136624
In base 14, what is -4882 + -d6c?
-5810
In base 16, what is -1664 + 1538?
-12c
In base 8, what is -1105737 - 53?
-1106012
In base 16, what is 6a5 - -1164f?
11cf4
In base 11, what is -92a45 - -76?
-9297a
In base 11, what is -5 + 10467407?
10467402
In base 7, what is 141136 - -14164?
155333
In base 8, what is -151 - -1203156?
1203005
In base 10, what is 7144867 + -3?
7144864
In base 3, what is 20011010 - 22122101?
-2111021
In base 12, what is -20495 - 303?
-20798
In base 12, what is -15 + 1342b90?
1342b77
In base 13, what is 2622ab2 - -4?
2622ab6
In base 11, what is 7670529 + 1?
767052a
In base 2, what is 10000101000 - -1001111000011010111?
1001111010011111111
In base 3, what is 10110222 - 222212120?
-212101121
In base 13, what is 320ac0 + -24?
320a99
In base 12, what is 1086 + 47581?
48647
In base 2, what is 1000 + 1000101010100111111001?
1000101010101000000001
In base 6, what is 42015 + 14334?
100353
In base 16, what is 68 + 174c3?
1752b
In base 16, what is -3e - -254c5?
25487
In base 12, what is 24b54a1 - -1?
24b54a2
In base 7, what is -6 + -1022231014?
-1022231023
In base 10, what is -2 + 2046653?
2046651
In base 4, what is -3202333 + 201132?
-3001201
In base 5, what is -3 - -11142321014?
11142321011
In base 5, what is 0 - 3412442200?
-3412442200
In base 7, what is -124143116 + 16?
-124143100
In base 11, what is 6226 - -5809?
10a34
In base 3, what is -22001201122000 + 20?
-22001201121210
In base 4, what is -2012002 + 3103300?
1031232
In base 8, what is -36 - 367521?
-367557
In base 12, what is -3504427 - -3?
-3504424
In base 9, what is 526388 + -25?
526363
In base 14, what is -13 + -16a513?
-16a526
In base 9, what is -27437 + -878?
-28426
In base 4, what is -2 - -2331220323200?
2331220323132
In base 15, what is 861 - -a731?
b092
In base 10, what is -10 + 1487901?
1487891
In base 4, what is 22311 + 120330000?
121012311
In base 8, what is -17505 - 74056?
-113563
In base 4, what is 1321311232 - -11111?
1321323003
In base 4, what is 22322011 + -22?
22321323
In base 4, what is 233303000 - -330?
233303330
In base 12, what is -2 + -92040?
-92042
In base 6, what is 0 - -230210123?
230210123
In base 9, what is 745147 + 184?
745342
In base 8, what is -3362764 + 144?
-3362620
In base 10, what is -823703855 + -2?
-823703857
In base 9, what is -30442 + 44124?
13572
In base 4, what is 11312322222 + 31120?
11313020002
In base 13, what is -33 - 415485?
-4154b8
In base 5, what is -203342 + 20130?
-133212
In base 15, what is 7c02974 - -2?
7c02976
In base 16, what is -9 + 1b6e4b?
1b6e42
In base 11, what is 25307 - -1249?
26555
In base 14, what is -8d62 + -8d49?
-13cab
In base 16, what is -ffb2 + -164?
-10116
In base 11, what is -2 + -1737600?
-1737602
In base 11, what is 1 + 5884a61?
5884a62
In base 5, what is -2303040 - 203?
-2303243
In base 7, what is -3 + 1205661321?
1205661315
In base 16, what is -1d + -1cb2b?
-1cb48
In base 13, what is -22c - -b9c1?
b792
In base 14, what is -d5b8 + -35?
-d60d
In base 2, what is -10 - 10000001000011111101001?
-10000001000011111101011
In base 15, what is ee6dc + 5?
ee6e2
In base 16, what is -14c1b + -1a?
-14c35
In base 7, what is -32 - 6265404?
-6265436
In base 11, what is 1568282 + 212?
1568494
In base 14, what is 4 - 26cc7250?
-26cc724a
In base 3, what is -12012122000201012101 - 11?
-12012122000201012112
In base 4, what is -102003223 - 1202?
-102011031
In base 16, what is -499538 + 1?
-499537
In base 14, what is 23 + 1c2c20?
1c2c43
In base 11, what is 4a + -258123?
-258084
In base 9, what is 10 + 424843?
424853
In base 10, what is 12 - 2957510?
-2957498
In base 10, what is -2837798 - 13?
-2837811
In base 14, what is -2 - 1220a79?
-1220a7b
In base 7, what is 14413162 - 12?
14413150
In base 9, what is -6514277 - 51?
-6514338
In base 11, what is 14a5a12 - 10?
14a5a02
In base 10, what is -2367176 + 2?
-2367174
In base 7, what is -132043334 - 20?
-132043354
In base 2, what is 11 - -10010111011100010000?
10010111011100010011
In base 3, what is -1122102 + 2100012121?
2021120012
In base 13, what is -24 + -1cb259?
-1cb280
In base 8, what is 1334626 - 46?
1334560
In base 5, what is 1 - 1111443134?
-1111443133
In base 12, what is -4541200 - 1?
-4541201
In base 5, what is 4322 + -300314?
-240442
In base 11, what is 2041 + -63062?
-61021
In base 7, what is 4436 - 223036?
-215300
In base 10, what is 13448371 - 7?
13448364
In base 8, what is 2 + -6155100?
-6155076
In base 11, what is 10048508 + 5?
10048512
In base 15, what is 12839a4 - -1c?
12839c1
In base 4, what is -2110 - -12022030?
12013320
In base 4, what is -11 + 3233033213?
3233033202
In base 11, what is -429954 + 18?
-429937
In base 5, what is -42122320 + 121?
-42122144
In base 13, what is 6bb + -32a8?
-28ba
In base 8, what is -270444046 - -2?
-270444044
In base 4, what is 12113120332 + -10303?
12113110023
In base 4, what is -12 - 2223302332?
-2223303010
In base 4, what is 12 - -2102230332?
2102231010
In base 2, what is -1010001010111010 + 101011011?
-1010000101011111
In base 16, what is 268 + -3714c?
-36ee4
In base 14, what is -b1233 - -c0c?
-b0425
In base 3, what is -1110022212 - -2010001?
-1101012211
In base 6, what is 330513 - -4420?
335333
In base 14, what is 57a + 3657?
3bd3
In base 12, what is -1b0 - -b?
-1a1
In base 4, what is 10 - -1331111002113?
1331111002123
In base 3, what is -12 - -10202120222210221?
10202120222210202
In base 14, what is ba2982 + -2?
ba2980
In base 9, what is -3 - -163423074?
163423071
In base 15, what is b10ab + 5?
b10b1
In base 6, what is -123341122 - -2015?
-123335103
In base 7, what is 651 - 1310645?
-1306664
In base 13, what is 2c31 - 7c7?
2437
In base 6, what is 2523415 - 142?
2523233
In base 11, what is -366457 + -394?
-366840
In base 5, what is -1411 - 23413011?
-23414422
In base 14, what is -1a85150db + -1?
-1a85150dc
In base 11, what is 36a - -9788?
a047
In base 8, what is 3415 + -35761?
-32344
In base 16, what is c6b6 - d25?
b991
In base 8, what is -3066712 - 22?
-3066734
In base 13, what is -594ca7 - 8?
-594cb2
In base 11, what is -33412 - -15a1?
-31921
In base 14, what is -11d77 + 6b8?
-1169d
In base 8, what is 2 - 1567746012?
-1567746010
In base 12, what is -30 + 14a2654?
14a2624
In base 9, what is -2076027 - -18?
-2076008
In base 6, what is 33043401333 + 2?
33043401335
In base 10, what is 1023764471 - -3?
1023764474
In base 12, what is 470 + -35a86?
-35616
In base 12, what is -174 - -3a0ab?
39b37
In base 4, what is 21223 + -23312210?
-23230321
In base 16, what is -cdad - 12?
-cdbf
In base 8, what is -1546537 + 306?
-1546231
In base 13, what is 716003 - 1a?
715cb6
In base 15, what is 999 + ed?
a97
In base 13, what is 2a + 125202c?
1252059
In base 3, what is 0 - -10220002020010021?
10220002020010021
In base 7, what is -265550033 + -4?
-265550040
In base 8, what is -5 - -350072654?
350072647
In base 10, what is 78553376 - -1?
78553377
In base 16, what is -35a98c - 4?
-35a990
In base 8, what is -264145 + 1144?
-263001
In base 6, what is -301145 - -1533?
-255212
In base 5, what is -2 + 131222241?
131222234
In base 13, what is 27 + 728903?
72892a
In base 15, what is 1d0d + 67db?
85e9
In